 of 902 and 114466?
22
What is the highest common factor of 981 and 4251?
327
What is the highest common divisor of 320 and 23893440?
320
Calculate the greatest common factor of 51434 and 2.
2
Calculate the greatest common divisor of 955 and 55199.
191
What is the greatest common factor of 29120 and 3510?
130
Calculate the highest common divisor of 24041 and 232.
29
Calculate the highest common divisor of 216 and 90207.
27
What is the highest common factor of 29128 and 187?
11
What is the highest common divisor of 1932 and 128156?
644
Calculate the highest common factor of 47754 and 70.
14
What is the greatest common divisor of 58028 and 68708?
356
Calculate the highest common divisor of 85 and 1035.
5
Calculate the highest common factor of 72 and 17946.
18
Calculate the highest common divisor of 3813 and 3403.
41
Calculate the greatest common factor of 47932 and 92.
92
Calculate the highest common factor of 711 and 669051.
711
What is the highest common factor of 60295 and 2334?
389
What is the greatest common factor of 6771 and 5673?
183
What is the highest common factor of 30 and 7971990?
30
Calculate the highest common divisor of 244 and 305366.
122
What is the greatest common divisor of 1949382 and 666?
666
What is the greatest common factor of 18799410 and 210?
210
What is the greatest common factor of 72771 and 191?
191
What is the greatest common divisor of 3416 and 61000?
488
Calculate the highest common divisor of 924 and 491876.
308
What is the highest common divisor of 45982 and 83?
83
Calculate the highest common factor of 175 and 41965.
35
Calculate the greatest common divisor of 68324 and 464.
116
Calculate the greatest common divisor of 726 and 141207.
363
What is the greatest common factor of 3318 and 1218?
42
What is the highest common factor of 136 and 28849?
17
Calculate the highest common factor of 2224 and 2800.
16
Calculate the highest common divisor of 48790 and 15170.
410
Calculate the highest common divisor of 2424 and 11211.
303
What is the greatest common factor of 1866 and 2869286?
622
Calculate the greatest common factor of 16050 and 200.
50
What is the highest common divisor of 32730 and 420?
30
What is the highest common divisor of 5081 and 43?
1
Calculate the greatest common divisor of 357 and 18937779.
357
What is the highest common divisor of 1763 and 4945?
43
Calculate the greatest common factor of 973 and 10493.
7
What is the greatest common factor of 33 and 475101?
33
What is the greatest common factor of 60 and 85170?
30
Calculate the highest common divisor of 18 and 585540.
18
Calculate the highest common divisor of 19723 and 55909.
163
What is the highest common divisor of 9763 and 543724?
751
What is the highest common factor of 317198 and 1304?
326
What is the highest common factor of 137714 and 74?
74
Calculate the greatest common divisor of 1512953 and 13.
13
What is the greatest common factor of 12650 and 1600?
50
What is the highest common factor of 1352 and 944?
8
What is the highest common factor of 3272 and 32?
8
Calculate the greatest common factor of 236179 and 206.
103
Calculate the greatest common divisor of 2213 and 5.
1
What is the greatest common factor of 732 and 56852?
244
What is the greatest common factor of 2453 and 18286?
223
Calculate the highest common divisor of 174 and 2243469.
87
What is the greatest common factor of 296 and 149665?
37
What is the greatest common factor of 5243 and 16692?
107
Calculate the highest common factor of 2700 and 2209950.
1350
Calculate the highest common divisor of 21 and 2310259.
7
What is the greatest common divisor of 8 and 32?
8
What is the highest common divisor of 158550 and 70970?
1510
What is the greatest common factor of 114427 and 15317?
901
Calculate the highest common factor of 228801 and 636.
159
Calculate the greatest common factor of 14064 and 4.
4
What is the highest common factor of 304564 and 117?
13
Calculate the greatest common factor of 554216 and 208.
104
Calculate the greatest common divisor of 80995 and 388.
97
Calculate the greatest common divisor of 2376 and 212949.
297
What is the greatest common factor of 39566 and 438?
146
Calculate the greatest common factor of 1104 and 316.
4
Calculate the greatest common divisor of 10868 and 296780.
836
What is the highest common factor of 161568 and 3502?
34
What is the greatest common divisor of 62784 and 9374?
218
Calculate the greatest common factor of 202 and 877993.
101
What is the greatest common factor of 9102 and 4182?
246
Calculate the highest common divisor of 64 and 51272.
8
Calculate the greatest common divisor of 265608 and 306.
306
What is the greatest common factor of 10836 and 2338?
14
Calculate the highest common factor of 75618 and 18.
18
Calculate the greatest common divisor of 19 and 8762477.
19
Calculate the highest common divisor of 1289256 and 72.
24
What is the greatest common factor of 207944 and 28?
4
Calculate the greatest common divisor of 88 and 1892132.
44
What is the greatest common factor of 12230 and 25?
5
Calculate the highest common divisor of 21648 and 64.
16
What is the greatest common factor of 70 and 434?
14
Calculate the greatest common factor of 143564 and 2660.
76
What is the greatest common factor of 2300 and 4324?
92
Calculate the highest common divisor of 612 and 3196.
68
Calculate the highest common factor of 39 and 60567.
39
Calculate the highest common divisor of 42770 and 10.
10
Calculate the greatest common divisor of 13224 and 128.
8
What is the highest common divisor of 25683 and 30?
3
Calculate the greatest common factor of 23902 and 110371.
703
What is the highest common factor of 1692 and 2916068?
188
What is the highest common divisor of 378 and 10017?
189
Calculate the greatest common divisor of 51 and 5865.
51
What is the greatest common factor of 352806 and 12?
6
Calculate the greatest common factor of 145 and 16704.
29
Calculate the highest common factor of 262 and 22663.
131
What is the highest common factor of 472 and 665402?
118
Calculate the highest common divisor of 464 and 55184.
16
Calculate the highest common factor of 2563 and 2816.
11
Calculate the highest common factor of 887 and 23.
1
What is the highest common factor of 279 and 5409?
9
Calculate the greatest common divisor of 60 and 9435080.
20
Calculate the greatest common factor of 3060 and 4500.
180
Calculate the greatest common factor of 1841 and 32349.
263
What is the greatest common factor of 495 and 792099?
99
Calculate the greatest common divisor of 172115 and 435.
145
Calculate the highest common divisor of 25 and 1152875.
25
Calculate the greatest common divisor of 1099 and 16328.
157
What is the highest common factor of 73903 and 3091?
281
Calculate the highest common divisor of 15145 and 5.
5
Calculate the greatest common divisor of 16752 and 204.
12
Calculate the greatest common factor of 1216 and 22268.
76
What is the greatest common factor of 11 and 949927?
11
Calculate the greatest common factor of 19209 and 399.
57
Calculate the greatest common factor of 197 and 29747.
197
Calculate the greatest common factor of 169801 and 831.
277
What is the highest common divisor of 6572 and 9052?
124
What is the highest common factor of 1857 and 11923797?
1857
What is the greatest common divisor of 299052 and 4686?
426
Calculate the highest common factor of 438 and 581226.
438
What is the greatest common factor of 5987 and 1?
1
What is the highest common factor of 53485 and 2375?
95
Calculate the highest common factor of 3520 and 22720.
320
What is the greatest common divisor of 15424 and 3374?
482
Calculate the highest common factor of 40 and 1167600.
40
What is the greatest common divisor of 320 and 29060?
20
Calculate the greatest common divisor of 113898 and 1968.
246
What is the greatest common factor of 54 and 22710?
6
Calculate the greatest common divisor of 39875 and 37250.
125
Calculate the highest common factor of 2184 and 37336.
104
Calculate the highest common divisor of 11035 and 10.
5
What is the highest common factor of 429 and 2871?
33
What is the highest common factor of 26480 and 70?
10
What is the greatest common divisor of 92 and 2462196?
92
What is the highest common factor of 693 and 70?
7
What is the greatest common divisor of 800